s divided by 49.
28
What is the remainder when 16382 is divided by 264?
14
Calculate the remainder when 190487 is divided by 17316.
11
Calculate the remainder when 560008 is divided by 15.
13
What is the remainder when 47235 is divided by 598?
591
Calculate the remainder when 1514 is divided by 130.
84
Calculate the remainder when 2893005 is divided by 161.
157
Calculate the remainder when 87059 is divided by 619.
399
Calculate the remainder when 385980 is divided by 96494.
4
What is the remainder when 839 is divided by 180?
119
What is the remainder when 4039 is divided by 435?
124
Calculate the remainder when 2931 is divided by 56.
19
What is the remainder when 16079 is divided by 640?
79
Calculate the remainder when 138744 is divided by 41.
0
What is the remainder when 26336 is divided by 17?
3
Calculate the remainder when 7582 is divided by 6.
4
What is the remainder when 1069737 is divided by 84?
81
Calculate the remainder when 39096 is divided by 1002.
18
What is the remainder when 107684 is divided by 353?
19
What is the remainder when 9067 is divided by 13?
6
What is the remainder when 4592 is divided by 763?
14
Calculate the remainder when 10062 is divided by 34.
32
What is the remainder when 800 is divided by 31?
25
What is the remainder when 95098 is divided by 75?
73
What is the remainder when 4812 is divided by 2291?
230
What is the remainder when 354056 is divided by 112?
24
Calculate the remainder when 460048 is divided by 175.
148
What is the remainder when 77513 is divided by 5?
3
What is the remainder when 78422 is divided by 99?
14
What is the remainder when 333493 is divided by 6?
1
What is the remainder when 73390 is divided by 2446?
10
Calculate the remainder when 48205 is divided by 23.
20
What is the remainder when 2666 is divided by 54?
20
Calculate the remainder when 3852 is divided by 102.
78
What is the remainder when 10252 is divided by 446?
440
Calculate the remainder when 547588 is divided by 7.
6
Calculate the remainder when 2980 is divided by 49.
40
What is the remainder when 2021 is divided by 1285?
736
Calculate the remainder when 4174 is divided by 58.
56
What is the remainder when 2708 is divided by 447?
26
What is the remainder when 35239 is divided by 51?
49
What is the remainder when 1624332 is divided by 407?
402
Calculate the remainder when 631 is divided by 283.
65
Calculate the remainder when 1392 is divided by 314.
136
Calculate the remainder when 37313 is divided by 812.
773
Calculate the remainder when 969511 is divided by 11.
4
Calculate the remainder when 131604 is divided by 636.
588
Calculate the remainder when 4498 is divided by 972.
610
What is the remainder when 429838 is divided by 20?
18
Calculate the remainder when 33053 is divided by 6.
5
Calculate the remainder when 174581 is divided by 4849.
17
Calculate the remainder when 724457 is divided by 93.
80
What is the remainder when 7174 is divided by 1186?
58
Calculate the remainder when 550 is divided by 105.
25
What is the remainder when 110415 is divided by 11040?
15
What is the remainder when 2016 is divided by 1008?
0
What is the remainder when 7446 is divided by 669?
87
What is the remainder when 1377 is divided by 1255?
122
Calculate the remainder when 12072 is divided by 47.
40
What is the remainder when 3106391 is divided by 213?
212
Calculate the remainder when 59149 is divided by 16.
13
What is the remainder when 1697867 is divided by 31?
28
Calculate the remainder when 311057 is divided by 1030.
1027
Calculate the remainder when 8493 is divided by 55.
23
Calculate the remainder when 1289 is divided by 119.
99
Calculate the remainder when 26594 is divided by 300.
194
Calculate the remainder when 17441 is divided by 4344.
65
Calculate the remainder when 146812 is divided by 248.
244
Calculate the remainder when 66358 is divided by 237.
235
Calculate the remainder when 8596 is divided by 1405.
166
Calculate the remainder when 1381 is divided by 156.
133
Calculate the remainder when 19511 is divided by 2436.
23
Calculate the remainder when 34892 is divided by 2906.
20
What is the remainder when 859 is divided by 141?
13
What is the remainder when 7869 is divided by 328?
325
Calculate the remainder when 28083 is divided by 446.
431
What is the remainder when 2748 is divided by 724?
576
Calculate the remainder when 1307568 is divided by 55.
53
Calculate the remainder when 2983 is divided by 2923.
60
What is the remainder when 13332 is divided by 27?
21
Calculate the remainder when 50489 is divided by 30.
29
What is the remainder when 111325 is divided by 18?
13
What is the remainder when 47244 is divided by 2942?
172
Calculate the remainder when 32295 is divided by 172.
131
What is the remainder when 604903 is divided by 33605?
13
Calculate the remainder when 86616 is divided by 82.
24
Calculate the remainder when 183705 is divided by 1371.
1362
Calculate the remainder when 339765 is divided by 66.
63
What is the remainder when 14630 is divided by 7282?
66
What is the remainder when 32434 is divided by 1412?
1370
Calculate the remainder when 20442 is divided by 352.
26
Calculate the remainder when 161827 is divided by 60.
7
What is the remainder when 16229 is divided by 396?
389
What is the remainder when 105512 is divided by 181?
170
What is the remainder when 43665 is divided by 625?
540
What is the remainder when 19931 is divided by 453?
452
Calculate the remainder when 76794 is divided by 15340.
94
What is the remainder when 165761 is divided by 2?
1
Calculate the remainder when 1922327 is divided by 18.
17
Calculate the remainder when 123156 is divided by 226.
212
What is the remainder when 68677 is divided by 340?
337
Calculate the remainder when 818882 is divided by 129.
119
Calculate the remainder when 2488003 is divided by 585.
583
Calculate the remainder when 36285 is divided by 226.
125
What is the remainder when 3274 is divided by 210?
124
Calculate the remainder when 2318 is divided by 590.
548
What is the remainder when 829 is divided by 119?
115
What is the remainder when 277702 is divided by 35?
12
What is the remainder when 11734 is divided by 559?
554
Calculate the remainder when 212932 is divided by 106436.
60
Calculate the remainder when 73272 is divided by 170.
2
What is the remainder when 10198 is divided by 3395?
13
Calculate the remainder when 12199 is divided by 113.
108
Calculate the remainder when 953 is divided by 474.
5
What is the remainder when 122898 is divided by 61449?
0
What is the remainder when 21537 is divided by 21526?
11
What is the remainder when 78685 is divided by 558?
7
Calculate the remainder when 5162 is divided by 77.
3
What is the remainder when 180803 is divided by 76?
75
Calculate the remainder when 847005 is divided by 204.
201
What is the remainder when 394 is divided by 119?
37
What is the remainder when 1690 is divided by 823?
44
What is the remainder when 227415 is divided by 25?
15
Calculate the remainder when 1480 is divided by 77.
17
Calculate the remainder when 114872 is divided by 196.
16
What is the remainder when 2792 is divided by 990?
812
What is the remainder when 24037 is divided by 317?
262
Calculate the remainder when 20723 is divided by 95.
13
Calculate the remainder when 18084 is divided by 2575.
59
Calculate the remainder when 3953 is divided by 788.
13
Calculate the remainder when 326050 is divided by 3432.
10
Calculate the remainder when 1433 is divided by 287.
285
What is the remainder when 1277 is divided by 521?
235
Calculate the remainder when 7849 is divided by 7672.
177
Calculate the remainder when 792394 is divided by 638.
636
Calculate the remainder when 2746 is divided by 865.
151
What is the remainder when 761 is divided by 50?
11
What is the remainder when 2560 is divided by 18?
4
What is the remainder when 4618653 is divided by 84?
81
Calculate the remainder when 36000 is divided by 1384.
16
Calculate the remainder when 1925249 is divided by 34.
33
What is the remainder when 1209 is divided by 6?
3
What is the remainder when 97324 is divided by 1947?
1921
Calculate the remainder when 2424 is divided by 117.
84
What is the remainder when 1377 is divided by 628?
121
What is the remainder when 182023 is divided by 164?
147
Calculate the remainder w